{"id":2078,"date":"2017-07-01T02:06:11","date_gmt":"2017-07-01T07:06:11","guid":{"rendered":"http:\/\/www.hospitaldelrosario.gov.co\/portal\/?page_id=2078"},"modified":"2019-07-14T23:34:06","modified_gmt":"2019-07-15T04:34:06","slug":"historia","status":"publish","type":"page","link":"https:\/\/www.hospitaldelrosario.gov.co\/portal\/laentidad\/historia\/","title":{"rendered":"Historia"},"content":{"rendered":"<div class=\"fusion-fullwidth fullwidth-box fusion-builder-row-1 fusion-flex-container nonhundred-percent-fullwidth non-hundred-percent-height-scrolling\" style=\"background-color: rgba(255,255,255,0);background-position: center center;background-repeat: no-repeat;border-width: 0px 0px 0px 0px;border-color:#eae9e9;border-style:solid;\" ><div class=\"fusion-builder-row fusion-row fusion-flex-align-items-flex-start\" style=\"max-width:calc( 1240px + 0px );margin-left: calc(-0px \/ 2 );margin-right: calc(-0px \/ 2 );\"><div class=\"fusion-layout-column fusion_builder_column fusion-builder-column-0 fusion_builder_column_1_1 1_1 fusion-flex-column\"><div class=\"fusion-column-wrapper fusion-flex-justify-content-flex-start fusion-content-layout-column\" style=\"background-position:left top;background-repeat:no-repeat;-webkit-background-size:cover;-moz-background-size:cover;-o-background-size:cover;background-size:cover;padding: 0px 0px 0px 0px;\"><div class=\"fusion-text fusion-text-1\"><h5 style=\"text-align: justify;\"><img decoding=\"async\" class=\" wp-image-1683 alignleft\" src=\"http:\/\/www.hospitaldelrosario.gov.co\/portal\/wp-content\/uploads\/2017\/12\/logo_campoalegre.png\" alt=\"\" width=\"90\" height=\"120\" \/>El Hospital Municipal de Campoalegre, como otros tantos centros de salud en el Departamento, se fueron abriendo paso a trav\u00e9s del tiempo, a medida que se fue poblando la regi\u00f3n y las enfermedades se intensificaron debido a m\u00faltiples factores ambientales, perjudicando principalmente la poblaci\u00f3n m\u00e1s vulnerable, los ni\u00f1os y los ancianos, de igual manera, la distancia con referencia a Neiva y obviamente con el principal Hospital de la regi\u00f3n el Hospital San Miguel de Neiva. Estando as\u00ed las cosas, en la carrera 11 con calle 19 se dio inicio a esta gran labor de nuestra raza, y en una casa de estructura en Bahareque se instal\u00f3 el primer centro hospitalario el Municipio, ajust\u00e1ndose a las normas establecidas en la Constituci\u00f3n Nacional, articulo 44, lo mismo que en el C\u00f3digo Civil Articulo 636 y el Decreto reglamentario 1326 de 1922.<\/h5>\n<h5 style=\"text-align: justify;\">Es importante resaltar la labor de los diferentes directores del Hospital que fueron pieza importante para el mismo desarrollo de la instituci\u00f3n pero m\u00e1s importante a\u00fan fue la labor emprendida por el Doctor Eugenio Ferro Falla, el cual don\u00f3 por escritura p\u00fablica el lote de terreno en donde hoy se encuentra ubicada la Empresa Social del Estado Hospital del Rosario de Campoalegre. En el inicio de la d\u00e9cada de los sesenta, el Hospital ya contaba con algunos servicios b\u00e1sicos como: consulta externa, peque\u00f1as cirug\u00edas, enfermer\u00eda y camas para hospitalizaci\u00f3n. Adem\u00e1s de la infraestructura que contaba el centro de salud, fue el Doctor Ignacio Salgado Alvarado, quien por m\u00e1s de diez y ocho a\u00f1os (18) le dio el impulso que requer\u00eda para lograr su progreso., Inclusive con el apoyo desinteresado del Gerente de la Beneficencia del Huila, Doctor Daniel Guti\u00e9rrez Blanco, se logro darle la terminaci\u00f3n que requer\u00eda el Hospital para su modernizaci\u00f3n, de acuerdo a la \u00e9poca. En las \u00faltimas d\u00e9cadas con el apoyo del sector Salud, los diferentes Alcaldes y del sector privado y acompa\u00f1ado adem\u00e1s de las diferentes reformas en salud que propuso el Gobierno Central, Ley 100 de 1993 nuestro Hospital ha logrado consolidarse de manera importante en nuestro medio, hasta alcanzar su descentralizaci\u00f3n aprobada mediante acuerdo No 036 de 1996 por parte del Concejo Municipal, convirti\u00e9ndola en EMPRESA SOCIAL DEL ESTADO HOSPITAL DEL ROSARIO de CAMPOALEGRE.<\/h5>\n<h5 style=\"text-align: justify;\">Al convertirse en EMPRESA SOCIAL DEL ESTADO &#8211; ESE, mediante acuerdo No 036 del 28 de Septiembre de 1996, \u00e9sta cuenta con autonom\u00eda administrativa; personer\u00eda jur\u00eddica y patrimonio y rentas propias, que se destinan de modo exclusivo al cumplimiento de su objetivo que es el de producir y prestar servicios de salud eficientes y efectivos, que satisfacen de manera \u00f3ptima las necesidades y expectativas de la poblaci\u00f3n Campoalegruna asegurada y no asegurada, en relaci\u00f3n con la promoci\u00f3n, fomento, tratamiento y rehabilitaci\u00f3n de la salud, garantizada mediante un manejo gerencial adecuado, lo cual conlleva a una buen rentabilidad social y financiera de la empresa.<\/h5>\n<\/div><div class=\"fusion-separator fusion-full-width-sep\" style=\"align-self: center;margin-left: auto;margin-right: auto;margin-top:35px;margin-bottom:15px;width:100%;\"><div class=\"fusion-separator-border sep-single\" style=\"border-color:#eae8e8;border-top-width:2px;\"><\/div><\/div><div class=\"fusion-text fusion-text-2\"><p style=\"text-align: justify;\"><a href=\"https:\/\/www.hospitaldelrosario.gov.co\/portal\/wp-content\/uploads\/2017\/archivos\/Decreto_Constitucion_ESE_Rosario.pdf\" target=\"_blank\" rel=\"noopener noreferrer\"><span style=\"color: #0eb360;\"><strong>Acuerdo No. 036 de 1996 &#8211; Constituci\u00f3n E.S.E Hospital del Rosario de Campoalegre<\/strong><\/span><\/a><\/p>\n<\/div><div class=\"fusion-separator fusion-full-width-sep\" style=\"align-self: center;margin-left: auto;margin-right: auto;margin-top:35px;margin-bottom:15px;width:100%;\"><div class=\"fusion-separator-border sep-single\" style=\"border-color:#eae8e8;border-top-width:2px;\"><\/div><\/div><center><iframe width=\"830\" height=\"840\" frameborder=\"0\" src=\"http:\/\/www.hospitaldelrosario.gov.co\/portal\/wp-content\/uploads\/2017\/archivos\/Decreto_Constitucion_ESE_Rosario.pdf\" scrolling=\"yes\"><\/iframe><\/center><\/div><style type=\"text\/css\">.fusion-body .fusion-builder-column-0{width:100% !important;margin-top : 0px;margin-bottom : 0px;}.fusion-builder-column-0 > .fusion-column-wrapper {padding-top : 0px !important;padding-right : 0px !important;margin-right : 0px;padding-bottom : 0px !important;padding-left : 0px !important;margin-left : 0px;}@media only screen and (max-width:1024px) {.fusion-body .fusion-builder-column-0{width:100% !important;}.fusion-builder-column-0 > .fusion-column-wrapper {margin-right : 0px;margin-left : 0px;}}@media only screen and (max-width:640px) {.fusion-body .fusion-builder-column-0{width:100% !important;}.fusion-builder-column-0 > .fusion-column-wrapper {margin-right : 0px;margin-left : 0px;}}<\/style><\/div><\/div><style type=\"text\/css\">.fusion-body .fusion-flex-container.fusion-builder-row-1{ padding-top : 0px;margin-top : 0px;padding-right : 0px;padding-bottom : 0px;margin-bottom : 0px;padding-left : 0px;}<\/style><\/div>\n","protected":false},"excerpt":{"rendered":"","protected":false},"author":1,"featured_media":0,"parent":1569,"menu_order":1,"comment_status":"closed","ping_status":"closed","template":"","meta":{"_lmt_disableupdate":"","_lmt_disable":"","_links_to":"","_links_to_target":""},"aioseo_notices":[],"_links":{"self":[{"href":"https:\/\/www.hospitaldelrosario.gov.co\/portal\/wp-json\/wp\/v2\/pages\/2078"}],"collection":[{"href":"https:\/\/www.hospitaldelrosario.gov.co\/portal\/wp-json\/wp\/v2\/pages"}],"about":[{"href":"https:\/\/www.hospitaldelrosario.gov.co\/portal\/wp-json\/wp\/v2\/types\/page"}],"author":[{"embeddable":true,"href":"https:\/\/www.hospitaldelrosario.gov.co\/portal\/wp-json\/wp\/v2\/users\/1"}],"replies":[{"embeddable":true,"href":"https:\/\/www.hospitaldelrosario.gov.co\/portal\/wp-json\/wp\/v2\/comments?post=2078"}],"version-history":[{"count":11,"href":"https:\/\/www.hospitaldelrosario.gov.co\/portal\/wp-json\/wp\/v2\/pages\/2078\/revisions"}],"predecessor-version":[{"id":3274,"href":"https:\/\/www.hospitaldelrosario.gov.co\/portal\/wp-json\/wp\/v2\/pages\/2078\/revisions\/3274"}],"up":[{"embeddable":true,"href":"https:\/\/www.hospitaldelrosario.gov.co\/portal\/wp-json\/wp\/v2\/pages\/1569"}],"wp:attachment":[{"href":"https:\/\/www.hospitaldelrosario.gov.co\/portal\/wp-json\/wp\/v2\/media?parent=2078"}],"curies":[{"name":"wp","href":"https:\/\/api.w.org\/{rel}","templated":true}]}}