{"id":10584,"date":"2026-02-23T09:52:37","date_gmt":"2026-02-23T14:52:37","guid":{"rendered":"https:\/\/www.hospitaldelrosario.gov.co\/portal\/?page_id=10584"},"modified":"2026-02-23T10:03:57","modified_gmt":"2026-02-23T15:03:57","slug":"actas-de-comite-institucional-de-gestion-y-desempeno","status":"publish","type":"page","link":"https:\/\/www.hospitaldelrosario.gov.co\/portal\/actas-de-comite-institucional-de-gestion-y-desempeno\/","title":{"rendered":"Actas de Comit\u00e9 Institucional de Gesti\u00f3n y Desempe\u00f1o"},"content":{"rendered":"<div class=\"fusion-fullwidth fullwidth-box fusion-builder-row-1 fusion-flex-container has-pattern-background has-mask-background nonhundred-percent-fullwidth non-hundred-percent-height-scrolling\" style=\"background-color: rgba(255,255,255,0);background-position: center center;background-repeat: no-repeat;border-width: 0px 0px 0px 0px;border-color:#eae9e9;border-style:solid;\" ><div class=\"fusion-builder-row fusion-row fusion-flex-align-items-flex-start\" style=\"max-width:1289.6px;margin-left: calc(-4% \/ 2 );margin-right: calc(-4% \/ 2 );\"><div class=\"fusion-layout-column fusion_builder_column fusion-builder-column-0 fusion_builder_column_1_2 1_2 fusion-flex-column\"><div class=\"fusion-column-wrapper fusion-flex-justify-content-flex-start fusion-content-layout-column\" style=\"background-position:left top;background-repeat:no-repeat;-webkit-background-size:cover;-moz-background-size:cover;-o-background-size:cover;background-size:cover;padding: 0px 0px 0px 0px;\"><style type=\"text\/css\">@media only screen and (max-width:1024px) {.fusion-title.fusion-title-1{margin-top:0px!important; margin-right:0px!important;margin-bottom:10px!important;margin-left:0px!important;}}@media only screen and (max-width:640px) {.fusion-title.fusion-title-1{margin-top:0px!important; margin-right:0px!important;margin-bottom:20px!important; margin-left:0px!important;}}<\/style><div class=\"fusion-title title fusion-title-1 fusion-sep-none fusion-title-text fusion-title-size-one\" style=\"margin-top:0px;margin-right:0px;margin-bottom:10px;margin-left:0px;\"><h1 class=\"title-heading-left fusion-responsive-typography-calculated\" style=\"margin:0;color:#008f4f;--fontSize:26;line-height:1.40;\">A\u00f1o 2025<\/h1><\/div><style type=\"text\/css\">#accordion-10584-1 .fusion-panel:hover{ border-color: #eae8e8 } #accordion-10584-1 .fusion-panel { border-color:#eae8e8; }.fusion-accordian  #accordion-10584-1 .panel-title a .fa-fusion-box{ color: #ffffff;}.fusion-accordian  #accordion-10584-1 .panel-title a .fa-fusion-box:before{ font-size: 13px; width: 13px;}.fusion-accordian  #accordion-10584-1 .panel-title a{font-size:18px;color:#0b3b17;font-family:\"Raleway\";font-weight:400;}.fusion-accordian  #accordion-10584-1 .toggle-content{font-size:15px;color:#747474;font-family:\"Raleway\";font-weight:500;}.fusion-accordian  #accordion-10584-1 .fa-fusion-box { background-color: #333333;border-color: #333333;}.fusion-accordian  #accordion-10584-1 .panel-title a:not(.active):hover, #accordion-10584-1 .fusion-toggle-boxed-mode:hover .panel-title a { color: #008f4f;}.fusion-accordian  #accordion-10584-1 .panel-title .active .fa-fusion-box,.fusion-accordian  #accordion-10584-1 .panel-title a:not(.active):hover .fa-fusion-box { background-color: #008f4f!important;border-color: #008f4f!important;}<\/style><div class=\"accordian fusion-accordian\"><div class=\"panel-group\" id=\"accordion-10584-1\"><style type=\"text\/css\">.fusion-accordian  #accordion-10584-1 .panel-652c016aaf577bc55 .panel-title a{color:#0b3b17;}.fusion-accordian  #accordion-10584-1 .panel-652c016aaf577bc55 .toggle-content{color:#747474;}<\/style><div class=\"fusion-panel panel-default panel-652c016aaf577bc55\"><div class=\"panel-heading\"><h4 class=\"panel-title toggle\" id=\"toggle_652c016aaf577bc55\"><a aria-expanded=\"false\" aria-controls=\"652c016aaf577bc55\" role=\"button\" data-toggle=\"collapse\" data-parent=\"#accordion-10584-1\" data-target=\"#652c016aaf577bc55\" href=\"#652c016aaf577bc55\"><span class=\"fusion-toggle-icon-wrapper\" aria-hidden=\"true\"><i class=\"fa-fusion-box active-icon awb-icon-minus\" aria-hidden=\"true\"><\/i><i class=\"fa-fusion-box inactive-icon awb-icon-plus\" aria-hidden=\"true\"><\/i><\/span><span class=\"fusion-toggle-heading\">Acta 08<\/span><\/a><\/h4><\/div><div id=\"652c016aaf577bc55\" class=\"panel-collapse collapse \" araia-labelledby=\"toggle_652c016aaf577bc55\"><div class=\"panel-body toggle-content fusion-clearfix\">\n<p><a href=\"https:\/\/www.hospitaldelrosario.gov.co\/portal\/wp-content\/uploads\/2026\/02\/Acta-No.8-Comite-Institucional-de-Gestion-y-Desempeno.pdf\" target=\"_blank\" rel=\"noopener\">Ver\/Descargar<\/a><\/p>\n<\/div><\/div><\/div><style type=\"text\/css\">.fusion-accordian  #accordion-10584-1 .panel-cd5c4a9b08e082d9a .panel-title a{color:#0b3b17;}.fusion-accordian  #accordion-10584-1 .panel-cd5c4a9b08e082d9a .toggle-content{color:#747474;}<\/style><div class=\"fusion-panel panel-default panel-cd5c4a9b08e082d9a\"><div class=\"panel-heading\"><h4 class=\"panel-title toggle\" id=\"toggle_cd5c4a9b08e082d9a\"><a aria-expanded=\"false\" aria-controls=\"cd5c4a9b08e082d9a\" role=\"button\" data-toggle=\"collapse\" data-parent=\"#accordion-10584-1\" data-target=\"#cd5c4a9b08e082d9a\" href=\"#cd5c4a9b08e082d9a\"><span class=\"fusion-toggle-icon-wrapper\" aria-hidden=\"true\"><i class=\"fa-fusion-box active-icon awb-icon-minus\" aria-hidden=\"true\"><\/i><i class=\"fa-fusion-box inactive-icon awb-icon-plus\" aria-hidden=\"true\"><\/i><\/span><span class=\"fusion-toggle-heading\">Acta 07<\/span><\/a><\/h4><\/div><div id=\"cd5c4a9b08e082d9a\" class=\"panel-collapse collapse \" araia-labelledby=\"toggle_cd5c4a9b08e082d9a\"><div class=\"panel-body toggle-content fusion-clearfix\">\n<p><a href=\"https:\/\/www.hospitaldelrosario.gov.co\/portal\/wp-content\/uploads\/2026\/02\/Acta-No.7-Comite-Institucional-de-Gestion-y-Desempeno.pdf\" target=\"_blank\" rel=\"noopener\">Ver\/Descargar<\/a><\/p>\n<\/div><\/div><\/div><style type=\"text\/css\">.fusion-accordian  #accordion-10584-1 .panel-c66872a555a4fa226 .panel-title a{color:#0b3b17;}.fusion-accordian  #accordion-10584-1 .panel-c66872a555a4fa226 .toggle-content{color:#747474;}<\/style><div class=\"fusion-panel panel-default panel-c66872a555a4fa226\"><div class=\"panel-heading\"><h4 class=\"panel-title toggle\" id=\"toggle_c66872a555a4fa226\"><a aria-expanded=\"false\" aria-controls=\"c66872a555a4fa226\" role=\"button\" data-toggle=\"collapse\" data-parent=\"#accordion-10584-1\" data-target=\"#c66872a555a4fa226\" href=\"#c66872a555a4fa226\"><span class=\"fusion-toggle-icon-wrapper\" aria-hidden=\"true\"><i class=\"fa-fusion-box active-icon awb-icon-minus\" aria-hidden=\"true\"><\/i><i class=\"fa-fusion-box inactive-icon awb-icon-plus\" aria-hidden=\"true\"><\/i><\/span><span class=\"fusion-toggle-heading\">Acta 06<\/span><\/a><\/h4><\/div><div id=\"c66872a555a4fa226\" class=\"panel-collapse collapse \" araia-labelledby=\"toggle_c66872a555a4fa226\"><div class=\"panel-body toggle-content fusion-clearfix\">\n<p><a href=\"https:\/\/www.hospitaldelrosario.gov.co\/portal\/wp-content\/uploads\/2026\/02\/Acta-No.6-Comite-Institucional-de-Gestion-y-Desempeno.pdf\" target=\"_blank\" rel=\"noopener\">Ver\/Descargar<\/a><\/p>\n<\/div><\/div><\/div><style type=\"text\/css\">.fusion-accordian  #accordion-10584-1 .panel-752d23ea3f8641f65 .panel-title a{color:#0b3b17;}.fusion-accordian  #accordion-10584-1 .panel-752d23ea3f8641f65 .toggle-content{color:#747474;}<\/style><div class=\"fusion-panel panel-default panel-752d23ea3f8641f65\"><div class=\"panel-heading\"><h4 class=\"panel-title toggle\" id=\"toggle_752d23ea3f8641f65\"><a aria-expanded=\"false\" aria-controls=\"752d23ea3f8641f65\" role=\"button\" data-toggle=\"collapse\" data-parent=\"#accordion-10584-1\" data-target=\"#752d23ea3f8641f65\" href=\"#752d23ea3f8641f65\"><span class=\"fusion-toggle-icon-wrapper\" aria-hidden=\"true\"><i class=\"fa-fusion-box active-icon awb-icon-minus\" aria-hidden=\"true\"><\/i><i class=\"fa-fusion-box inactive-icon awb-icon-plus\" aria-hidden=\"true\"><\/i><\/span><span class=\"fusion-toggle-heading\">Acta 05<\/span><\/a><\/h4><\/div><div id=\"752d23ea3f8641f65\" class=\"panel-collapse collapse \" araia-labelledby=\"toggle_752d23ea3f8641f65\"><div class=\"panel-body toggle-content fusion-clearfix\">\n<p><a href=\"https:\/\/www.hospitaldelrosario.gov.co\/portal\/wp-content\/uploads\/2026\/02\/Acta-No.5-Comite-Institucional-de-Gestion-y-Desempeno.pdf\" target=\"_blank\" rel=\"noopener\">Ver\/Descargar<\/a><\/p>\n<\/div><\/div><\/div><style type=\"text\/css\">.fusion-accordian  #accordion-10584-1 .panel-a42f72cebfe82c860 .panel-title a{color:#0b3b17;}.fusion-accordian  #accordion-10584-1 .panel-a42f72cebfe82c860 .toggle-content{color:#747474;}<\/style><div class=\"fusion-panel panel-default panel-a42f72cebfe82c860\"><div class=\"panel-heading\"><h4 class=\"panel-title toggle\" id=\"toggle_a42f72cebfe82c860\"><a aria-expanded=\"false\" aria-controls=\"a42f72cebfe82c860\" role=\"button\" data-toggle=\"collapse\" data-parent=\"#accordion-10584-1\" data-target=\"#a42f72cebfe82c860\" href=\"#a42f72cebfe82c860\"><span class=\"fusion-toggle-icon-wrapper\" aria-hidden=\"true\"><i class=\"fa-fusion-box active-icon awb-icon-minus\" aria-hidden=\"true\"><\/i><i class=\"fa-fusion-box inactive-icon awb-icon-plus\" aria-hidden=\"true\"><\/i><\/span><span class=\"fusion-toggle-heading\">Acta 04<\/span><\/a><\/h4><\/div><div id=\"a42f72cebfe82c860\" class=\"panel-collapse collapse \" araia-labelledby=\"toggle_a42f72cebfe82c860\"><div class=\"panel-body toggle-content fusion-clearfix\">\n<p><a href=\"https:\/\/www.hospitaldelrosario.gov.co\/portal\/wp-content\/uploads\/2026\/02\/Acta-No.4-Comite-Institucional-de-Gestion-y-Desempeno.pdf\" target=\"_blank\" rel=\"noopener\">Ver\/Descargar<\/a><\/p>\n<\/div><\/div><\/div><style type=\"text\/css\">.fusion-accordian  #accordion-10584-1 .panel-2c57fe601ff4f0577 .panel-title a{color:#0b3b17;}.fusion-accordian  #accordion-10584-1 .panel-2c57fe601ff4f0577 .toggle-content{color:#747474;}<\/style><div class=\"fusion-panel panel-default panel-2c57fe601ff4f0577\"><div class=\"panel-heading\"><h4 class=\"panel-title toggle\" id=\"toggle_2c57fe601ff4f0577\"><a aria-expanded=\"false\" aria-controls=\"2c57fe601ff4f0577\" role=\"button\" data-toggle=\"collapse\" data-parent=\"#accordion-10584-1\" data-target=\"#2c57fe601ff4f0577\" href=\"#2c57fe601ff4f0577\"><span class=\"fusion-toggle-icon-wrapper\" aria-hidden=\"true\"><i class=\"fa-fusion-box active-icon awb-icon-minus\" aria-hidden=\"true\"><\/i><i class=\"fa-fusion-box inactive-icon awb-icon-plus\" aria-hidden=\"true\"><\/i><\/span><span class=\"fusion-toggle-heading\">Acta 03<\/span><\/a><\/h4><\/div><div id=\"2c57fe601ff4f0577\" class=\"panel-collapse collapse \" araia-labelledby=\"toggle_2c57fe601ff4f0577\"><div class=\"panel-body toggle-content fusion-clearfix\">\n<p><a href=\"https:\/\/www.hospitaldelrosario.gov.co\/portal\/wp-content\/uploads\/2026\/02\/Acta-No.3-Comite-Institucional-de-Gestion-y-Desempeno.pdf\" target=\"_blank\" rel=\"noopener\">Ver\/Descargar<\/a><\/p>\n<\/div><\/div><\/div><style type=\"text\/css\">.fusion-accordian  #accordion-10584-1 .panel-499f7dd15d346e90f .panel-title a{color:#0b3b17;}.fusion-accordian  #accordion-10584-1 .panel-499f7dd15d346e90f .toggle-content{color:#747474;}<\/style><div class=\"fusion-panel panel-default panel-499f7dd15d346e90f\"><div class=\"panel-heading\"><h4 class=\"panel-title toggle\" id=\"toggle_499f7dd15d346e90f\"><a aria-expanded=\"false\" aria-controls=\"499f7dd15d346e90f\" role=\"button\" data-toggle=\"collapse\" data-parent=\"#accordion-10584-1\" data-target=\"#499f7dd15d346e90f\" href=\"#499f7dd15d346e90f\"><span class=\"fusion-toggle-icon-wrapper\" aria-hidden=\"true\"><i class=\"fa-fusion-box active-icon awb-icon-minus\" aria-hidden=\"true\"><\/i><i class=\"fa-fusion-box inactive-icon awb-icon-plus\" aria-hidden=\"true\"><\/i><\/span><span class=\"fusion-toggle-heading\">Acta 02<\/span><\/a><\/h4><\/div><div id=\"499f7dd15d346e90f\" class=\"panel-collapse collapse \" araia-labelledby=\"toggle_499f7dd15d346e90f\"><div class=\"panel-body toggle-content fusion-clearfix\">\n<p><a href=\"https:\/\/www.hospitaldelrosario.gov.co\/portal\/wp-content\/uploads\/2026\/02\/Acta-No.2-Comite-Institucional-de-Gestion-y-Desempeno.pdf\" target=\"_blank\" rel=\"noopener\">Ver\/Descargar<\/a><\/p>\n<\/div><\/div><\/div><style type=\"text\/css\">.fusion-accordian  #accordion-10584-1 .panel-c5fe3c78a5efddbfc .panel-title a{color:#0b3b17;}.fusion-accordian  #accordion-10584-1 .panel-c5fe3c78a5efddbfc .toggle-content{color:#747474;}<\/style><div class=\"fusion-panel panel-default panel-c5fe3c78a5efddbfc\"><div class=\"panel-heading\"><h4 class=\"panel-title toggle\" id=\"toggle_c5fe3c78a5efddbfc\"><a aria-expanded=\"false\" aria-controls=\"c5fe3c78a5efddbfc\" role=\"button\" data-toggle=\"collapse\" data-parent=\"#accordion-10584-1\" data-target=\"#c5fe3c78a5efddbfc\" href=\"#c5fe3c78a5efddbfc\"><span class=\"fusion-toggle-icon-wrapper\" aria-hidden=\"true\"><i class=\"fa-fusion-box active-icon awb-icon-minus\" aria-hidden=\"true\"><\/i><i class=\"fa-fusion-box inactive-icon awb-icon-plus\" aria-hidden=\"true\"><\/i><\/span><span class=\"fusion-toggle-heading\">Acta 01<\/span><\/a><\/h4><\/div><div id=\"c5fe3c78a5efddbfc\" class=\"panel-collapse collapse \" araia-labelledby=\"toggle_c5fe3c78a5efddbfc\"><div class=\"panel-body toggle-content fusion-clearfix\">\n<p><a href=\"https:\/\/www.hospitaldelrosario.gov.co\/portal\/wp-content\/uploads\/2026\/02\/Acta-No.1-Comite-Institucional-de-Gestion-y-Desempeno.pdf\" target=\"_blank\" rel=\"noopener\">Ver\/Descargar<\/a><\/p>\n<\/div><\/div><\/div><\/div><\/div><\/div><style type=\"text\/css\">.fusion-body .fusion-builder-column-0{width:50% !important;margin-top : 0px;margin-bottom : 0px;}.fusion-builder-column-0 > .fusion-column-wrapper {padding-top : 0px !important;padding-right : 0px !important;margin-right : 3.84%;padding-bottom : 0px !important;padding-left : 0px !important;margin-left : 3.84%;}@media only screen and (max-width:1024px) {.fusion-body .fusion-builder-column-0{width:50% !important;order : 0;}.fusion-builder-column-0 > .fusion-column-wrapper {margin-right : 3.84%;margin-left : 3.84%;}}@media only screen and (max-width:640px) {.fusion-body .fusion-builder-column-0{width:100% !important;order : 0;}.fusion-builder-column-0 > .fusion-column-wrapper {margin-right : 1.92%;margin-left : 1.92%;}}<\/style><\/div><\/div><style type=\"text\/css\">.fusion-body .fusion-flex-container.fusion-builder-row-1{ padding-top : 0px;margin-top : 0px;padding-right : 0px;padding-bottom : 0px;margin-bottom : 0px;padding-left : 0px;}<\/style><\/div>\n","protected":false},"excerpt":{"rendered":"","protected":false},"author":1,"featured_media":0,"parent":0,"menu_order":0,"comment_status":"closed","ping_status":"closed","template":"","meta":{"_lmt_disableupdate":"no","_lmt_disable":"no","_links_to":"","_links_to_target":""},"aioseo_notices":[],"_links":{"self":[{"href":"https:\/\/www.hospitaldelrosario.gov.co\/portal\/wp-json\/wp\/v2\/pages\/10584"}],"collection":[{"href":"https:\/\/www.hospitaldelrosario.gov.co\/portal\/wp-json\/wp\/v2\/pages"}],"about":[{"href":"https:\/\/www.hospitaldelrosario.gov.co\/portal\/wp-json\/wp\/v2\/types\/page"}],"author":[{"embeddable":true,"href":"https:\/\/www.hospitaldelrosario.gov.co\/portal\/wp-json\/wp\/v2\/users\/1"}],"replies":[{"embeddable":true,"href":"https:\/\/www.hospitaldelrosario.gov.co\/portal\/wp-json\/wp\/v2\/comments?post=10584"}],"version-history":[{"count":2,"href":"https:\/\/www.hospitaldelrosario.gov.co\/portal\/wp-json\/wp\/v2\/pages\/10584\/revisions"}],"predecessor-version":[{"id":10594,"href":"https:\/\/www.hospitaldelrosario.gov.co\/portal\/wp-json\/wp\/v2\/pages\/10584\/revisions\/10594"}],"wp:attachment":[{"href":"https:\/\/www.hospitaldelrosario.gov.co\/portal\/wp-json\/wp\/v2\/media?parent=10584"}],"curies":[{"name":"wp","href":"https:\/\/api.w.org\/{rel}","templated":true}]}}